231
What are the prime factors of 948116?
2, 13, 18233
What are the prime factors of 2793658?
2, 7, 31, 41, 157
What are the prime factors of 10901959?
10901959
What are the prime factors of 567850?
2, 5, 41, 277
List the prime factors of 24117134.
2, 197, 61211
What are the prime factors of 1249984?
2, 19531
List the prime factors of 457070.
2, 5, 45707
List the prime factors of 591829.
7, 59, 1433
What are the prime factors of 1558486?
2, 557, 1399
What are the prime factors of 211596?
2, 3, 7, 11, 229
What are the prime factors of 359308?
2, 43, 2089
What are the prime factors of 681306?
2, 3, 23, 4937
List the prime factors of 4166075.
5, 166643
What are the prime factors of 3164583?
3, 19, 59, 941
List the prime factors of 306089.
7, 73, 599
List the prime factors of 142015.
5, 28403
List the prime factors of 2760915.
3, 5, 103, 1787
List the prime factors of 82282.
2, 41141
List the prime factors of 1595429.
11, 43, 3373
What are the prime factors of 9212016?
2, 3, 11, 73, 239
List the prime factors of 2701647.
3, 13, 43, 179
List the prime factors of 62076.
2, 3, 7, 739
What are the prime factors of 322982?
2, 11, 53, 277
What are the prime factors of 1152655?
5, 7, 32933
What are the prime factors of 200933?
67, 2999
List the prime factors of 104469.
3, 97, 359
List the prime factors of 23680509.
3, 7893503
List the prime factors of 5181167.
19, 272693
List the prime factors of 231987.
3, 7, 11047
List the prime factors of 2795830.
2, 5, 279583
List the prime factors of 2291082.
2, 3, 421, 907
List the prime factors of 288878.
2, 144439
What are the prime factors of 13558575?
3, 5, 293, 617
List the prime factors of 24368938.
2, 11, 1107679
What are the prime factors of 114551?
19, 6029
List the prime factors of 7336846.
2, 11, 333493
List the prime factors of 2190298.
2, 11, 99559
List the prime factors of 9889734.
2, 3, 1648289
What are the prime factors of 224063?
7, 32009
What are the prime factors of 20079322?
2, 23, 436507
List the prime factors of 137532.
2, 3, 73, 157
What are the prime factors of 21833194?
2, 2857, 3821
What are the prime factors of 914775?
3, 5, 12197
What are the prime factors of 17994?
2, 3, 2999
List the prime factors of 6845666.
2, 37, 79, 1171
What are the prime factors of 7799899?
19, 43, 9547
What are the prime factors of 25783347?
3, 8594449
List the prime factors of 1846880.
2, 5, 7, 17, 97
What are the prime factors of 50834?
2, 7, 3631
What are the prime factors of 1099364?
2, 7, 71, 79
List the prime factors of 135701.
135701
List the prime factors of 11753366.
2, 5876683
List the prime factors of 12212614.
2, 1621, 3767
What are the prime factors of 992939?
719, 1381
What are the prime factors of 9363404?
2, 29, 53, 1523
What are the prime factors of 14510607?
3, 421, 11489
What are the prime factors of 12331322?
2, 29, 107, 1987
What are the prime factors of 2213764?
2, 7, 79063
List the prime factors of 76779.
3, 19, 449
What are the prime factors of 8305320?
2, 3, 5, 67, 1033
List the prime factors of 209973.
3, 69991
What are the prime factors of 283550?
2, 5, 53, 107
What are the prime factors of 6587795?
5, 347, 3797
What are the prime factors of 6753289?
47, 143687
What are the prime factors of 139885?
5, 101, 277
List the prime factors of 4354032.
2, 3, 90709
List the prime factors of 2065766.
2, 257, 4019
List the prime factors of 720578.
2, 360289
What are the prime factors of 28788?
2, 3, 2399
What are the prime factors of 493113?
3, 164371
What are the prime factors of 243110?
2, 5, 7, 23, 151
What are the prime factors of 615778?
2, 151, 2039
List the prime factors of 872219.
17, 51307
What are the prime factors of 19900?
2, 5, 199
What are the prime factors of 2728507?
2728507
List the prime factors of 17908435.
5, 53, 67579
List the prime factors of 925852.
2, 231463
List the prime factors of 74496.
2, 3, 97
What are the prime factors of 8028418?
2, 29, 149, 929
List the prime factors of 322504.
2, 7, 13, 443
List the prime factors of 776197.
113, 6869
List the prime factors of 8588035.
5, 241, 7127
What are the prime factors of 91256?
2, 11, 17, 61
List the prime factors of 207386.
2, 97, 1069
What are the prime factors of 12043059?
3, 7, 573479
What are the prime factors of 28475747?
28475747
List the prime factors of 720517.
7, 102931
What are the prime factors of 8145920?
2, 5, 37, 43
List the prime factors of 115713.
3, 13, 23, 43
What are the prime factors of 727071?
3, 242357
What are the prime factors of 1273428?
2, 3, 13, 907
List the prime factors of 649229.
7, 163, 569
List the prime factors of 218133.
3, 2693
List the prime factors of 4533111.
3, 11, 15263
List the prime factors of 374119.
17, 59, 373
List the prime factors of 9699087.
3, 3233029
What are the prime factors of 68501?
68501
What are the prime factors of 1881963?
3, 67, 3121
What are the prime factors of 7936066?
2, 139, 28547
What are the prime factors of 7475410?
2, 5, 17, 43973
What are the prime factors of 9432848?
2, 347, 1699
List the prime factors of 938407.
71, 13217
What are the prime factors of 10175706?
2, 3, 23, 2731
List the prime factors of 132917.
23, 5779
List the prime factors of 665367.
3, 23, 9643
List the prime factors of 24906.
2, 3, 7, 593
List the prime factors of 49058.
2, 19, 1291
List the prime factors of 23272.
2, 2909
What are the prime factors of 2854070?
2, 5, 23, 12409
List the prime factors of 2990685.
3, 5, 199379
List the prime factors of 84404.
2, 21101
What are the prime factors of 165339?
3, 18371
List the prime factors of 2450516.
2, 17, 36037
List the prime factors of 1523690.
2, 5, 7, 21767
List the prime factors of 284722.
2, 29, 4909
List the prime factors of 1245285.
3, 5, 27673
What are the prime factors of 279150?
2, 3, 5, 1861
What are the prime factors of 8404155?
3, 5, 6917
List the prime factors of 11365027.
17, 668531
List the prime factors of 9262757.
7, 53, 24967
List the prime factors of 41339946.
2, 3, 1907, 3613
What are the prime factors of 8803024?
2, 550189
What are the prime factors of 338230?
2, 5, 149, 227
List the prime factors of 2466082.
2, 59, 20899
What are the prime factors of 127887?
3, 47, 907
What are the prime factors of 2874250?
2, 5, 11497
What are the prime factors of 273003?
3, 17, 53, 101
List the prime factors of 8790857.
29, 233, 1301
List the prime factors of 73260.
2, 3, 5, 11, 37
List the prime factors of 338500.
2, 5, 677
What are the prime factors of 92925?
3, 5, 7, 59
List the prime factors of 410219.
37, 11087
What are the prime factors of 31128063?
3, 37, 173, 1621
What are the prime factors of 24692111?
24692111
What are the prime factors of 3105970?
2, 5, 7, 44371
What are the prime factors of 602158?
2, 301079
What are the prime factors of 113024?
2, 883
What are the prime factors of 352671?
3, 11, 10687
What are the prime factors of 642482?
2, 23, 13967
What are the prime factors of 292105?
5, 11, 47, 113
List the prime factors of 658454.
2, 71, 4637
List the prime factors of 257601.
3, 17, 5051
List the prime factors of 786626.
2, 41, 53, 181
List the prime factors of 1473532.
2, 389, 947
List the prime factors of 3940358.
2, 71, 27749
List the prime factors of 115848.
2, 3, 1609
What are the prime factors of 163119?
3, 11, 4943
What are the prime factors of 1242769?
11, 112979
List the prime factors of 2586176.
2, 17, 2377
What are the prime factors of 220380?
2, 3, 5, 3673
What are the prime factors of 600715?
5, 317, 379
List the prime factors of 8723188.
2, 2180797
What are the prime factors of 10644464?
2, 665279
List the prime factors of 1520797.
1051, 1447
What are the prime factors of 304833?
3, 101611
List the prime factors of 26204245.
5, 23, 191, 1193
List the prime factors of 286443.
3, 103
List the prime factors of 8661219.
3, 7, 37, 71, 157
What are the prime factors of 527969?
13, 17, 2389
List the prime factors of 274587.
3, 91529
What are the prime factors of 349685?
5, 7, 97, 103
List the prime factors of 217608.
2, 3, 9067
List the prime factors of 489516.
2, 3, 19, 113
What are the prime factors of 4390804?
2, 11, 73, 1367
What are the prime factors of 251340?
2, 3, 5, 59, 71
What are the prime factors of 2408351?
11, 218941
What are the prime factors of 9007696?
2, 193, 2917
List the prime f